2*i + 4*b + 20 + 0 = 0. Suppose i = -0*f - 5*f + 610. Suppose -f - 38 = -5*t. Is 13 a factor of t?
False
Suppose 279 - 49 = 10*i. Is i a multiple of 23?
True
Suppose 16 = 2*l + 2*a, 3*l - 3*a + 0*a - 24 = 0. Is 2 a factor of l?
True
Suppose -2*r = -21 - 147. Is r a multiple of 14?
True
Let o(v) = -v**2 - 3*v + 2. Let z be o(-2). Let g be ((-6)/z)/(1/(-2)). Suppose -93 = -3*i + g*d, -4*d = 4*i - i - 58. Does 17 divide i?
False
Suppose -s + 3 = 0, -4*d = d + 2*s - 201. Suppose 3*x = -6 + d. Let b = x + -4. Does 5 divide b?
False
Let z be (-2)/(-8) + (-406)/(-8). Suppose 0 = f - 5*c + 5, 0 = 3*f + 2*c + 49. Let q = f + z. Does 13 divide q?
False
Let c be ((-1)/2)/((-2)/8). Suppose 54 = c*z + 2*n, 7*z - 3*z - 4*n - 116 = 0. Is 7 a factor of z?
True
Suppose 4*w - 55 = -15. Does 5 divide w?
True
Let a be 8/3 - (-1)/3. Does 25 divide 73 - (a - 5/1)?
True
Suppose 0 = 5*k + 2*u - 58, 26 = k + 4*u - 0*u. Let b be ((-5)/k)/(2/24). Is (-2)/(-6) + (-22)/b a multiple of 4?
True
Let l be (-30)/8 + (-4)/16. Let w = 17 - l. Is 7 a factor of w?
True
Let l = -8 - -10. Let w be (4 - 2) + -3*l. Does 13 divide w/(-5)*(-285)/(-6)?
False
Let f(c) = -c**3 + c + 104. Is 26 a factor of f(0)?
True
Suppose -2*m + 3*m = -6. Let r = 6 + 2. Does 13 divide r/m*(-156)/8?
True
Suppose 3*h = 5*x + 459, 3*x - 2*x = 3*h - 447. Is 37 a factor of h?
True
Let f = -37 + 47. Is 5 a factor of f?
True
Suppose 2*a + 3*m = 5, -3*m = -5*a - 0*a - 40. Is 2 a factor of (-6)/a*30/9?
True
Let h = 114 + -63. Does 25 divide h?
False
Suppose 3*i - 3*p - 84 = 0, 4*i = -3*p + 5*p + 116. Is 20 a factor of i?
False
Suppose 2*f - 5 = -3. Let d(y) = 20*y**3 + y**2 - y + 5. Let h(a) = -21*a**3 - a**2 + a - 4. Let t(z) = -4*d(z) - 5*h(z). Does 7 divide t(f)?
False
Let r = 10 - 13. Suppose -8*j + 65 = -3*j. Let d = j + r. Is 10 a factor of d?
True
Suppose 4*g + 96 = 7*g. Let k = 66 - g. Is k a multiple of 17?
True
Suppose 8 + 32 = n. Is n a multiple of 9?
False
Suppose -4*n + 212 - 52 = 0. Is 10 a factor of n?
True
Suppose -4*z + r - 4*r = -20, -2*r - 24 = -2*z. Suppose -3*u = -z*u + 570. Does 33 divide u?
False
Suppose 30 = 4*g + q, 4*g - 7*q = -3*q + 40. Let r(z) = -z**2 + 9*z + 6. Let a be r(g). Does 11 divide (-6)/21 + 312/a?
True
Suppose 0*t + 4*t = 16. Suppose -m + 2 = 5*r - 2, 16 = t*m - 5*r. Suppose -5*j + j + 88 = -4*o, j - m*o - 22 = 0. Is j a multiple of 11?
True
Let i(n) be the second derivative of -n**5/60 - n**4/4 + 7*n**3/6 - n**2/2 - 3*n. Let z(h) be the first derivative of i(h). Does 6 divide z(-5)?
True
Let s(p) = 3*p - 7. Let a be s(11). Let d = a - 52. Let f = d + 78. Is 15 a factor of f?
False
Suppose 5*v - 2*r - 11 = 0, -4*v + 2*r + 7 = -1. Suppose 2*b = -v*b + 265. Does 14 divide b?
False
Does 26 divide (3/(-9) + -1)/((-4)/78)?
True
Let w(z) = -15*z - 7. Suppose 0 = -3*m + u - 14, 2*m = -3*u + 2*u - 11. Let h be w(m). Suppose 4*i - 96 = 4*f + h, f + 121 = 3*i. Does 20 divide i?
True
Let i(j) = j**2 + 10*j + 7. Let a be i(-9). Let f = a + 9. Does 2 divide f?
False
Let x(y) be the first derivative of y**3/3 - 2*y**2 - 4. Is 6 a factor of x(6)?
True
Let a = 8 - 4. Suppose 3*v + 3 = 0, -v - 56 = -c + a*v. Let r = c - 25. Is r a multiple of 13?
True
Does 5 divide (-1 + 6)*(-18)/(-9)?
True
Suppose 0 = -0*z - 4*z. Suppose q = -z*q + 18. Is 6 a factor of q?
True
Let i(l) = l**2 - 21*l + 20. Does 24 divide i(25)?
True
Suppose 3*v - 27 = -0*v. Is 5 a factor of v?
False
Let a = 0 - 0. Suppose a*k + 2*k = -320. Is (2/(-5))/(2/k) a multiple of 14?
False
Suppose 0 = 7*d - 2*d - 110. Is 8 a factor of d?
False
Is (-2600)/(-32) + 2/(-8) a multiple of 21?
False
Let y be 1/3*21/(-1). Let w = 15 + y. Let g = 13 + w. Is g a multiple of 7?
True
Let m(b) = -7*b - 9. Does 11 divide m(-6)?
True
Let c = -72 + 144. Does 24 divide c?
True
Let g(k) = k**3 - 7*k**2 + 4*k - 3. Let o be g(7). Suppose 0 = m - 13 - o. Does 19 divide m?
True
Let j be (-3)/(-6) - (-2)/4. Let z = j + 2. Is (-2)/(z/(-30) - 0) a multiple of 11?
False
Suppose -k = 4*k. Suppose k = -2*q + 3*q - 12. Is q a multiple of 9?
False
Let x(h) = -3*h**2 + 3*h + 1. Let a(f) = 2*f**2 - 4*f. Let b(q) = -5*a(q) - 4*x(q). Does 19 divide b(-7)?
True
Suppose -k - 5 + 45 = 0. Is 8 a factor of k?
True
Suppose -2*h - 2 - 2 = -4*f, 4*f = 3*h. Suppose 5*n - 54 = -h. Suppose -2*o + 38 + n = 2*t, -2*t = -4*o - 24. Is 9 a factor of t?
False
Suppose -a = 5*c - 214, -685 = -3*a + c + 37. Does 33 divide a?
False
Let r be 43 - ((-5 - -2) + 0). Let m = 9 + -27. Let o = m + r. Is o a multiple of 10?
False
Let y(p) = -p**3 + 5*p**2 + 7*p + 7. Let b(o) be the third derivative of -o**5/60 + 7*o**4/24 - 3*o**2. Let g be b(6). Is y(g) a multiple of 12?
False
Let o(l) be the first derivative of l**3/3 + 2*l**2 - 3*l + 3. Suppose 4*b + b = -35. Is o(b) a multiple of 9?
True
Is 8 a factor of (284/(-20) - 3)*(-20)/8?
False
Let g(x) = -x**3 + 8*x**2 + 2*x - 32. Does 6 divide g(6)?
False
Let h be 18/15*(24 - -1). Let k = 6 + h. Does 12 divide k?
True
Let p = 5 - 3. Suppose -p*o = o. Suppose -17 = -o*v - v. Is 6 a factor of v?
False
Suppose -2*i - i = -3*f, -3*i + 12 = f. Suppose f*u - 45 + 12 = 0. Is 11 a factor of u?
True
Let f(w) = w**3 + 6*w**2 + 4*w - 5. Let d be f(-5). Suppose t + t = -3*a + 8, d = -3*t + 4*a + 46. Is t a multiple of 10?
True
Suppose -3*b + 31 = 4*l, b + 6*l = 4*l + 13. Is 5 a factor of ((-4)/b)/((-2)/25)?
True
Suppose -2*v + m = 3*v - 211, -1 = m. Does 12 divide v?
False
Suppose -22 - 13 = -5*r. Let n = 16 - r. Suppose 2*c - 39 = -n. Is c a multiple of 15?
True
Let o be 110 - (0 - (3 + 0)). Let i = o - 61. Is 13 a factor of i?
True
Let h(s) = s**2 - s - 116. Let c be h(0). Let k = 69 + c. Let w = k + 95. Is w a multiple of 21?
False
Let f = 52 + -32. Suppose -21 = -2*p - t, 0 = -2*t - 2*t + f. Suppose -4*d - p = 3*c - 55, 0 = -3*d - c + 29. Is 8 a factor of d?
True
Let x(b) = b**3 + 4*b**2 - 7*b - 7. Let a be x(-5). Let d be 2 + (-2 + -43)/a. Let v = 23 - d. Does 17 divide v?
False
Let h(m) = -m**2 + 3*m + 7. Suppose -5 = -3*s + 5*i, -5*s - 9 = i - 5*i. Let x be h(s). Let c = -16 - x. Is c a multiple of 13?
False
Let k(w) = 13*w**2 - 19*w - 4. Does 28 divide k(3)?
True
Let v(j) = 5*j**2 + 4*j - 5. Let d(l) = -l**2 + l + 1. Let m(b) = -4*d(b) - v(b). Is m(-5) a multiple of 7?
False
Let i(y) be the first derivative of -y**4/4 - 2*y**3 - y**2/2 + y - 1. Does 7 divide i(-6)?
True
Let c(i) = -4*i - 5. Suppose -2*l = -2*m + 4, 5*m - 11 = 4*l - 0. Suppose m*j - 4*j - 6 = 0. Is c(j) a multiple of 19?
True
Suppose 2*b + 4*q = -0*b + 24, 4*b - 5*q + 4 = 0. Suppose -b*d + 2*d = 12. Let k = -4 - d. Is k even?
True
Let d = 116 - -87. Does 15 divide d?
False
Let y(q) = 12*q + 3. Is y(6) a multiple of 31?
False
Let v be (-28)/6 + 4/6. Let d be (v/2 - -1) + 23. Let n = -6 + d. Is n a multiple of 7?
False
Suppose 2*c + 136 = 6*c. Let m = c + -22. Is 4 a factor of m?
True
Let m(i) = -9*i + 3. Let r(t) = -t**3 + 4*t - t + 4*t - 5*t**2 + 1. Let k be r(-6). Does 18 divide m(k)?
False
Is 10 a factor of (-3)/(6/4)*-5?
True
Let n = -8 - -17. Let b(j) = -j**3 + j**2 + j - 5. Let o be b(0). Let z = n + o. Is z even?
True
Suppose -4*d + 130 = -2*o - 92, -d = o - 54. Let f(p) = -p**3 + 3*p**2 - 3*p - 4. Let s be f(3). Let h = d + s. Does 21 divide h?
True
Let u(l) = l**2 - 5*l + 4. Let m be u(4). Suppose 18 = -m*k + k. Is k a multiple of 6?
True
Suppose 0 = 5*o - 10*o + 280. Is 40 a factor of o?
False
Suppose 0 = 101*t - 105*t + 640. Is 16 a factor of t?
True
Let j be (-198)/4*(-8)/6. Let b = j - 43. Suppose 2 = -d + z + 9, 5*d - 2*z = b. Is 3 a factor of d?
True
Let r be (672/20)/((-2)/(-10)). Suppose -3*f = -r + 24. Does 20 divide f?
False
Suppose -3*y = -15, -3*y + 2 = -3*t - 13. Suppose 3*f - 3*i - 60 = -t*f, -4*f + 62 = 5*i. Suppose -f = -h - h. Does 9 divide h?
True
Let u be (0/3)/(1 + -2). Suppose -3*t + 15 = -u. Suppose -n = t*c - 2*n - 131, -2*c + 51 = n. Is c a multiple of 11?
False
Is 10 a factor of (9/3 - -20) + 0?
False
Suppose 0 = -2*x + 3*x - 2. Suppose -u = x*u. Suppose u = 5*b - 70. Is 14 a factor of b?
True
Suppose 33*f = 38*f - 35. Does 4 divide f?
False
Does 27 divide 16/(-104) - (-2786)/26?
False
Let y be (-244)/(-8)*(-8)/(-2). Let r = y + -71. Is r a multiple of 33?
False
Let a = 55 - 39. Does 4 divide a?
True
Does 27 divide 2073/15 - (-1)/(-5)?
False
Let p(h